 7) in base 10?
110
Convert 10 (base 2) to base 9.
2
Convert 1001 (base 4) to base 14.
49
Convert 0 (base 15) to base 3.
0
-32 (base 4) to base 13
-11
What is -6 (base 14) in base 2?
-110
Convert 4 (base 15) to base 9.
4
Convert -22 (base 5) to base 15.
-c
3 (base 15) to base 7
3
0 (base 6) to base 4
0
Convert 13 (base 4) to base 3.
21
What is -1 (base 13) in base 12?
-1
-3 (base 11) to base 13
-3
4 (base 11) to base 8
4
What is -1011 (base 5) in base 4?
-2003
What is -101000 (base 2) in base 11?
-37
What is 2 (base 8) in base 2?
10
Convert -2 (base 15) to base 9.
-2
8 (base 15) to base 14
8
-3 (base 8) to base 2
-11
What is -11001 (base 2) in base 10?
-25
What is 43 (base 11) in base 3?
1202
Convert -24 (base 10) to base 14.
-1a
What is -10 (base 10) in base 15?
-a
6 (base 11) to base 2
110
What is 4 (base 10) in base 7?
4
2002 (base 4) to base 5
1010
-37 (base 11) to base 4
-220
Convert 22 (base 11) to base 5.
44
What is 4 (base 16) in base 11?
4
5 (base 11) to base 9
5
3 (base 16) to base 14
3
8 (base 15) to base 16
8
What is 3 (base 9) in base 12?
3
What is -2 (base 14) in base 4?
-2
Convert 2 (base 12) to base 3.
2
What is -23 (base 9) in base 16?
-15
-4 (base 11) to base 8
-4
Convert a (base 16) to base 15.
a
Convert -21 (base 5) to base 12.
-b
Convert 0 (base 16) to base 5.
0
What is -142 (base 6) in base 2?
-111110
340 (base 6) to base 7
246
14 (base 7) to base 14
b
-47 (base 9) to base 11
-3a
What is 41 (base 16) in base 11?
5a
f (base 16) to base 10
15
243 (base 5) to base 12
61
Convert 225 (base 6) to base 15.
5e
-7 (base 10) to base 11
-7
-3 (base 8) to base 10
-3
What is -101 (base 6) in base 4?
-211
Convert 1 (base 16) to base 3.
1
What is -131 (base 4) in base 6?
-45
-11 (base 6) to base 10
-7
What is 7 (base 11) in base 7?
10
What is 20 (base 11) in base 6?
34
What is 3 (base 9) in base 15?
3
Convert 26 (base 7) to base 8.
24
What is 32 (base 16) in base 9?
55
Convert -13 (base 15) to base 8.
-22
4 (base 15) to base 7
4
Convert -3 (base 7) to base 15.
-3
What is -6 (base 13) in base 10?
-6
20 (base 15) to base 3
1010
What is 1 (base 2) in base 4?
1
What is -254 (base 8) in base 5?
-1142
What is 68 (base 9) in base 16?
3e
What is 80 (base 9) in base 7?
132
Convert -8 (base 11) to base 14.
-8
What is -4 (base 10) in base 6?
-4
What is 30 (base 16) in base 6?
120
What is -110 (base 5) in base 8?
-36
-14 (base 13) to base 4
-101
Convert -be (base 16) to base 5.
-1230
Convert 135 (base 6) to base 14.
43
Convert b1 (base 14) to base 3.
12202
What is -5 (base 9) in base 4?
-11
10 (base 4) to base 10
4
-12002 (base 3) to base 6
-345
38 (base 15) to base 2
110101
Convert -4e (base 16) to base 8.
-116
Convert -22 (base 5) to base 9.
-13
-4 (base 9) to base 15
-4
What is 2 (base 14) in base 12?
2
What is -a (base 16) in base 9?
-11
-1 (base 9) to base 2
-1
What is -55 (base 6) in base 7?
-50
What is 13 (base 16) in base 5?
34
Convert 11 (base 13) to base 16.
e
-9 (base 11) to base 8
-11
What is -211 (base 3) in base 14?
-18
-15 (base 9) to base 2
-1110
-3 (base 15) to base 9
-3
What is -8 (base 10) in base 15?
-8
What is 2 (base 12) in base 4?
2
Convert -56 (base 13) to base 9.
-78
Convert 55 (base 8) to base 5.
140
Convert -1010 (base 4) to base 15.
-48
-21200 (base 3) to base 12
-153
Convert 54 (base 6) to base 11.
31
d7 (base 14) to base 9
230
Convert -4 (base 14) to base 9.
-4
-17 (base 13) to base 3
-202
Convert 38 (base 15) to base 3.
1222
250 (base 6) to base 9
123
34 (base 5) to base 12
17
-3 (base 10) to base 3
-10
Convert 2 (base 3) to base 4.
2
What is 1 (base 13) in base 16?
1
461 (base 8) to base 13
1a6
-9 (base 13) to base 6
-13
15 (base 12) to base 15
12
What is -173 (base 8) in base 10?
-123
1 (base 2) to base 15
1
2 (base 15) to base 10
2
Convert 25 (base 11) to base 8.
33
0 (base 11) to base 10
0
Convert -60 (base 16) to base 7.
-165
Convert 2 (base 15) to base 10.
2
-11 (base 5) to base 6
-10
Convert 210 (base 5) to base 4.
313
-110 (base 7) to base 11
-51
22 (base 7) to base 12
14
-1 (base 2) to base 11
-1
What is -18 (base 12) in base 2?
-10100
What is 79 (base 12) in base 6?
233
What is -9 (base 11) in base 14?
-9
What is c (base 15) in base 8?
14
What is -36 (base 8) in base 12?
-26
3 (base 9) to base 11
3
What is -240 (base 9) in base 16?
-c6
4 (base 11) to base 9
4
What is -4 (base 12) in base 10?
-4
Convert 11 (base 2) to base 3.
10
Convert 2 (base 11) to base 10.
2
412 (base 7) to base 4
3031
Convert 6a (base 11) to base 13.
5b
What is b (base 14) in base 2?
1011
Convert -11 (base 9) to base 11.
-a
Convert -26 (base 11) to base 2.
-11100
What is -65 (base 10) in base 2?
-1000001
What is -10100001 (base 2) in base 12?
-115
20 (base 6) to base 9
13
-101110011 (base 2) to base 13
-227
What is 111 (base 2) in base 9?
7
What is 3 (base 15) in base 4?
3
Convert 23 (base 4) to base 11.
10
Convert -21 (base 15) to base 6.
-51
Convert -6e (base 15) to base 14.
-76
-1015 (base 7) to base 4
-11203
What is 113 (base 5) in base 15?
23
What is -7 (base 12) in base 13?
-7
What is 1013 (base 4) in base 2?
1000111
Convert -204 (base 10) to base 3.
-21120
What is 9 (base 11) in base 9?
10
Convert -3 (base 9) to base 4.
-3
Convert 10 (base 5) to base 8.
5
What is 3 (base 12) in base 8?
3
11 (base 5) to base 9
6
What is -36 (base 16) in base 6?
-130
What is 1101011 (base 2) in base 8?
153
-43 (base 7) to base 4
-133
Convert -20 (base 3) to base 7.
-6
1 (base 16) to base 14
1
What is 3 (base 11) in base 2?
11
What is -8 (base 16) in base 7?
-11
What is -10 (base 7) in base 10?
-7
Convert 60 (base 9) to base 4.
312
103 (base 5) to base 12
24
-11 (base 14) to base 8
-17
What is -98 (base 12) in base 2?
-1110100
2 (base 4) to base 13
2
Convert -246 (base 10) to base 6.
-1050
What is 3 (base 14) in base 7?
3
What is -8 (base 9) in base 3?
-22
What is 3 (base 7) in base 2?
11
What is -22 (base 7) in base 14?
-12
Convert 31 (base 9) to base 3.
1001
What is 11 (base 15) in base 5?
31
-433 (base 5) to base 7
-226
What is -85 (base 9) in base 4?
-1031
Convert -15 (base 6) to base 8.
-13
What is -4 (base 16) in base 10?
-4
-2 (base 3) to base 13
-2
-3 (base 5) to base 10
-3
Convert -1 (base 11) to base 16.
-1
What is -2 (base 4) in base 15?
-2
20 (base 3) to base 9
6
What is -21 (base 7) in base 4?
-33
2 (base 15) to base 10
2
2 (base 4) to base 7
2
What is -10 (base 2) in base 5?
-2
What is 22 (base 12) in base 11?
24
Convert -111 (base 3) to base 12.
-11
-10 (base 14) to base 12
-12
Convert 62 (base 10) to base 7.
116
Convert 2220 (base 4) to base 10.
168
Convert 610 (base 7) to base 3.
102011
Convert 238 (base 13) to base 6.
1441
Convert -58 (base 14) to base 10.
-78
Convert -7 (base 15) to base 9.
-7
Convert -1 (base 16) to base 12.
-1
Convert 17 (base 15) to base 16.
16
What is 210 (base 4) in base 13?
2a
What is -3 (base 12) in base 8?
-3
What is 29 (base 12) in base 11?
30
Convert -8 (base 9) to base 5.
-13
Convert 112 (base 3) to base 15.
e
d (base 14) to base 5
23
Convert 1110011 (base 2) to base 8.
163
What is 70 (base 14) in base 16?
62
24 (base 15) to base 5
114
Convert 1 (base 7) to base 13.
1
101 (base 2) to base 15
5
Convert -1 (base 2) to base 10.
-1
What is 175 (base 16) in base 7?
1042
What is -a (base 16) in base 14?
-a
What is -15 (base 10) in base 8?
-17
What is 453 (base 9) in base 10?
372
-105 (base 6) to base 12
-35
What is 11 (base 8) in base 15?
9
-220 (base 8) to base 5
-1034
3 (base 11) to base 16
3
What is 30 (base 14) in base 16?
2a
-b (base 15) to base 2
-1011
-2 (base 9) to base 16
-2
What is -3 (base 8) in base 15?
-3
Convert 140 (base 5) to base 7.
63
What is 2012 (base 4) in base 5?
1014
-1 (base 8) to base 12
-1
100 (base 2) to base 3
11
-43 (base 7) to base 2
-11111
What is -10011 (base 2) in base 5?
-34
Convert -44 (base 9) to base 13.
-31
Convert 2 (base 7) to base 2.
10
What is 133 (base 4) in base 2?
11111
Convert 102 (base 4) to base 6.
30
What is -1021 (base 4) in base 11?
-67
Convert -1 (base 16) to base 7.
-1
Convert 5 (base 14) to base 13.
5
10 (base 3) to base 9
3
Convert -4 (base 6) to base 2.
-100
-1 (base 10) to base 2
-1
What is -10 (base 7) in base 16?
-7
Convert 12 (base 16) to base 12.
16
Convert -343 (base 6) to base 13.
-a5
12 (base 9) to base 10
11
-1000 (base 2) to base 7
-11
Conv